{"id":91,"date":"2019-01-02T11:35:34","date_gmt":"2019-01-02T11:35:34","guid":{"rendered":"http:\/\/graumitweissensternchen.com\/?page_id=91"},"modified":"2019-03-16T20:59:29","modified_gmt":"2019-03-16T20:59:29","slug":"hallo-ihr-lieben","status":"publish","type":"page","link":"https:\/\/www.graumitweissensternchen.de\/?page_id=91","title":{"rendered":"Hallo ihr Lieben,"},"content":{"rendered":"<p>sch\u00f6n, dass ihr mich gefunden habt!<\/p>\n<p>Ich blogge hier \u00fcber alles, was mir zu den Themen Deko, DIY, Upcycyling und Ern\u00e4hrung gef\u00e4llt. Ich bin sehr \u201edetailverliebt\u201c, Perfektionistin in dem was ich anpacke und lebe nach dem Motto \u201eZu viel Deko? Gibt\u00b4s nicht!\u201c<\/p>\n<p><img loading=\"lazy\" decoding=\"async\" class=\"  wp-image-92 alignleft\" src=\"https:\/\/graumitweissensternchen.files.wordpress.com\/2019\/01\/IMG_1586.jpg\" alt=\"IMG_1586\" width=\"395\" height=\"296\" srcset=\"https:\/\/www.graumitweissensternchen.de\/wp-content\/uploads\/2019\/01\/IMG_1586.jpg 1024w, https:\/\/www.graumitweissensternchen.de\/wp-content\/uploads\/2019\/01\/IMG_1586-300x225.jpg 300w, https:\/\/www.graumitweissensternchen.de\/wp-content\/uploads\/2019\/01\/IMG_1586-768x575.jpg 768w\" sizes=\"auto, (max-width: 395px) 100vw, 395px\" \/>Gerne lasse ich euch teilhaben an meinen kreativen Ideen, Wohnimpressionen rund um das Thema Dekorieren, netten kleinen Bastel- und Geschenkideen, sowie N\u00e4hanleitungen mit Erkl\u00e4rvideos. Ich liebe es die kleinen, feinen Besonderheiten des Arrangements auf einem Foto festzuhalten und andere daran teilhaben zu lassen.<\/p>\n<p>Ihr werdet in der kommenden Zeit auch einige dekorativen Ideen und Bastelanleitungen f\u00fcr Kinder entdecken. Auch wenn ich noch keine eigenen Kinder habe, kann ich doch viel aus meinem Alltag aus der Kita Zeit (bevor ich Lehrerin wurde, war ich 6 Jahre als Erzieherin t\u00e4tig) berichten und viele Ideen von damals recyceln und zu neuem Leben verhelfen.<\/p>\n<h3>ZU MEINER PERSON<\/h3>\n<p><img loading=\"lazy\" decoding=\"async\" class=\"alignright size-medium wp-image-93\" src=\"https:\/\/graumitweissensternchen.files.wordpress.com\/2019\/01\/IMG_1201.jpeg?w=450\" alt=\"IMG_1201\" width=\"225\" height=\"300\" srcset=\"https:\/\/www.graumitweissensternchen.de\/wp-content\/uploads\/2019\/01\/IMG_1201.jpeg 1024w, https:\/\/www.graumitweissensternchen.de\/wp-content\/uploads\/2019\/01\/IMG_1201-225x300.jpeg 225w, https:\/\/www.graumitweissensternchen.de\/wp-content\/uploads\/2019\/01\/IMG_1201-768x1024.jpeg 768w\" sizes=\"auto, (max-width: 225px) 100vw, 225px\" \/>Ich lebe zusammen mit meinem Lieblingsmenschen (meinem Mann) im sch\u00f6nen Karlsruhe. Hauptberuflich bin ich Lehrerin f\u00fcr die F\u00e4cher Sport, Hauswirtschaft (MuM, AES oder wie es euer Bundesland gerade aktuell nennt) sowie WBS (Wirtschaft, Berufs- und Studienorientierung).<\/p>\n<p>Ein paar weitere Fakten zu mir, habe ich euch <a href=\"http:\/\/graumitweissensternchen.com\/18-fakten\/\">hier<\/a> zusammengestellt.<\/p>\n<h3>WARUM DIESER BLOG?<\/h3>\n<p>Nachdem ich \u00fcber einen l\u00e4ngeren Zeitraum t\u00e4glich viel Zeit in andere Blogs vertieft war und meine Festplatten mit kreativen Ideen anderer voll lief, meinte mein Mann, es sei an der Zeit, meine eigenen Ideen und Projekte anderen zur Verf\u00fcgung zu stellen. Urspr\u00fcnglich wollte ich lediglich meine N\u00e4h-Erkl\u00e4rvideos f\u00fcr meine Kollegen und Sch\u00fcler auf YouTube bereitstellen. Einige der Videos haben jedoch eine sehr gro\u00dfe und positive Resonanz erhalten. Angespornt davon ist nun dieser Blog entstanden.<\/p>\n<h3>F\u00dcR WEN IST DIESER BLOG?<\/h3>\n<p><img loading=\"lazy\" decoding=\"async\" class=\"  wp-image-96 alignleft\" src=\"https:\/\/graumitweissensternchen.files.wordpress.com\/2019\/01\/IMG_7877.jpg\" alt=\"IMG_7877\" width=\"201\" height=\"201\" srcset=\"https:\/\/www.graumitweissensternchen.de\/wp-content\/uploads\/2019\/01\/IMG_7877.jpg 1024w, https:\/\/www.graumitweissensternchen.de\/wp-content\/uploads\/2019\/01\/IMG_7877-150x150.jpg 150w, https:\/\/www.graumitweissensternchen.de\/wp-content\/uploads\/2019\/01\/IMG_7877-300x300.jpg 300w, https:\/\/www.graumitweissensternchen.de\/wp-content\/uploads\/2019\/01\/IMG_7877-768x768.jpg 768w\" sizes=\"auto, (max-width: 201px) 100vw, 201px\" \/>Mein Blog ist f\u00fcr Kreative Schaffer, die gerne neue Ideen ausprobieren, umsetzten und sich inspirieren lassen wollen.<br \/>\nF\u00fcr Sch\u00fclerInnen die einfache N\u00e4hprojekte ausprobieren m\u00f6chten und auch f\u00fcr LehrerInnen, die meine Videos gerne im Unterricht einsetzten wollen und nat\u00fcrlich auch sehr gerne d\u00fcrfen. Und selbstverst\u00e4ndlich und vor allem, auch f\u00fcr all diejenigen \u2013 die wie ich \u2013 leidenschaftlich gerne Blogs lesen und Spa\u00df am Leben haben.<\/p>\n<h3>WARUM DER NAME?<\/h3>\n<p><em><strong>graumitweissensternchen<\/strong><\/em> ist sozusagen mein Markenzeichen.<\/p>\n<p><img loading=\"lazy\" decoding=\"async\" class=\"  wp-image-95 alignright\" src=\"https:\/\/graumitweissensternchen.files.wordpress.com\/2019\/01\/IMG_1525.jpeg\" alt=\"IMG_1525\" width=\"220\" height=\"275\" srcset=\"https:\/\/www.graumitweissensternchen.de\/wp-content\/uploads\/2019\/01\/IMG_1525.jpeg 1024w, https:\/\/www.graumitweissensternchen.de\/wp-content\/uploads\/2019\/01\/IMG_1525-240x300.jpeg 240w, https:\/\/www.graumitweissensternchen.de\/wp-content\/uploads\/2019\/01\/IMG_1525-768x960.jpeg 768w, https:\/\/www.graumitweissensternchen.de\/wp-content\/uploads\/2019\/01\/IMG_1525-819x1024.jpeg 819w\" sizes=\"auto, (max-width: 220px) 100vw, 220px\" \/>Wer mich kennt, wei\u00df das Sterne f\u00fcr mich absolut faszinierend sind und in meinem bisherigen Leben schon viele Rollen gespielt haben.\u00a0Auch in unserem zu Hause sind sie in Form von Kissenbez\u00fcgen, Tassen oder Stoffen \u00fcberall zu finden.<\/p>\n<p>Aber warum die Kombination mit grau? Nicht nur wegen des Kontrastes liebe ich diese Farbkombination. F\u00fcr mich steht grau auch f\u00fcr das Neutrale, eine nicht aufdringliche Farbe im Hintergrund, die sich ideal mit praktisch allen andere Farben kombinieren l\u00e4sst.<\/p>\n<blockquote>\n<h4>Ich liebe&#8230;<\/h4>\n<h4>&#8230; Sterne in vielerlei Form.<br \/>\n&#8230; kreativ zu sein.<br \/>\n&#8230; neue Ideen auszuprobieren.<br \/>\n&#8230; skandinavisches Design.<br \/>\n&#8230; alles rund ums Thema Wohnen.<br \/>\n&#8230; ein sch\u00f6nes Zuhause und dieses zu dekorieren.<br \/>\n&#8230; neue Inspirationen.<br \/>\n&#8230; leckere, einfache und schnelle Rezepte.<br \/>\n&#8230; kreativen, effizienten und sch\u00fclernahen Unterricht.<br \/>\n&#8230; Upcycling und die Magie aus alten Sachen etwas Neues zu zaubern.<br \/>\n&#8230; andere an meinen Ideen teilhaben zu lassen.<br \/>\n&#8230; und vieles mehr!<\/h4>\n<\/blockquote>\n","protected":false},"excerpt":{"rendered":"<p>sch\u00f6n, dass ihr mich gefunden habt! Ich blogge hier \u00fcber alles, was mir zu den Themen Deko, DIY, Upcycyling und Ern\u00e4hrung gef\u00e4llt. Ich bin sehr \u201edetailverliebt\u201c, Perfektionistin in dem was ich anpacke und lebe nach dem Motto \u201eZu viel Deko? Gibt\u00b4s nicht!\u201c Gerne lasse ich euch teilhaben an meinen kreativen Ideen, Wohnimpressionen rund um das Thema Dekorieren, netten kleinen Bastel- und Geschenkideen, sowie N\u00e4hanleitungen mit Erkl\u00e4rvideos. Ich liebe es die kleinen, feinen Besonderheiten des Arrangements auf einem Foto festzuhalten und andere daran teilhaben zu lassen. Ihr werdet in der kommenden Zeit auch einige dekorativen Ideen und Bastelanleitungen f\u00fcr Kinder entdecken. Auch wenn ich noch keine eigenen Kinder habe, kann ich doch viel aus meinem Alltag aus der Kita Zeit (bevor ich Lehrerin wurde, war ich 6 Jahre als Erzieherin t\u00e4tig) berichten und viele Ideen von damals recyceln und zu neuem Leben verhelfen. ZU MEINER PERSON Ich lebe zusammen mit meinem Lieblingsmenschen (meinem Mann) im sch\u00f6nen Karlsruhe. Hauptberuflich bin ich Lehrerin f\u00fcr die F\u00e4cher Sport, Hauswirtschaft (MuM, AES oder wie es euer Bundesland gerade aktuell nennt) sowie WBS (Wirtschaft, Berufs- und Studienorientierung). Ein paar weitere Fakten zu mir, habe ich euch hier zusammengestellt. WARUM DIESER BLOG? Nachdem ich \u00fcber einen l\u00e4ngeren [&hellip;]<\/p>\n","protected":false},"author":1,"featured_media":0,"parent":0,"menu_order":0,"comment_status":"closed","ping_status":"closed","template":"","meta":{"jetpack_post_was_ever_published":false,"footnotes":""},"class_list":["post-91","page","type-page","status-publish","hentry"],"jetpack_sharing_enabled":true,"jetpack_shortlink":"https:\/\/wp.me\/PaATX9-1t","_links":{"self":[{"href":"https:\/\/www.graumitweissensternchen.de\/index.php?rest_route=\/wp\/v2\/pages\/91","targetHints":{"allow":["GET"]}}],"collection":[{"href":"https:\/\/www.graumitweissensternchen.de\/index.php?rest_route=\/wp\/v2\/pages"}],"about":[{"href":"https:\/\/www.graumitweissensternchen.de\/index.php?rest_route=\/wp\/v2\/types\/page"}],"author":[{"embeddable":true,"href":"https:\/\/www.graumitweissensternchen.de\/index.php?rest_route=\/wp\/v2\/users\/1"}],"replies":[{"embeddable":true,"href":"https:\/\/www.graumitweissensternchen.de\/index.php?rest_route=%2Fwp%2Fv2%2Fcomments&post=91"}],"version-history":[{"count":1,"href":"https:\/\/www.graumitweissensternchen.de\/index.php?rest_route=\/wp\/v2\/pages\/91\/revisions"}],"predecessor-version":[{"id":1476,"href":"https:\/\/www.graumitweissensternchen.de\/index.php?rest_route=\/wp\/v2\/pages\/91\/revisions\/1476"}],"wp:attachment":[{"href":"https:\/\/www.graumitweissensternchen.de\/index.php?rest_route=%2Fwp%2Fv2%2Fmedia&parent=91"}],"curies":[{"name":"wp","href":"https:\/\/api.w.org\/{rel}","templated":true}]}}

<p>schön, dass ihr mich gefunden habt!</p>
<p>Ich blogge hier über alles, was mir zu den Themen Deko, DIY, Upcycyling und Ernährung gefällt. Ich bin sehr „detailverliebt“, Perfektionistin in dem was ich anpacke und lebe nach dem Motto „Zu viel Deko? Gibt´s nicht!“</p>
<p><img loading="lazy" decoding="async" class="  wp-image-92 alignleft" src="https://graumitweissensternchen.files.wordpress.com/2019/01/IMG_1586.jpg" alt="IMG_1586" width="395" height="296" srcset="https://www.graumitweissensternchen.de/wp-content/uploads/2019/01/IMG_1586.jpg 1024w, https://www.graumitweissensternchen.de/wp-content/uploads/2019/01/IMG_1586-300x225.jpg 300w, https://www.graumitweissensternchen.de/wp-content/uploads/2019/01/IMG_1586-768x575.jpg 768w" sizes="auto, (max-width: 395px) 100vw, 395px" />Gerne lasse ich euch teilhaben an meinen kreativen Ideen, Wohnimpressionen rund um das Thema Dekorieren, netten kleinen Bastel- und Geschenkideen, sowie Nähanleitungen mit Erklärvideos. Ich liebe es die kleinen, feinen Besonderheiten des Arrangements auf einem Foto festzuhalten und andere daran teilhaben zu lassen.</p>
<p>Ihr werdet in der kommenden Zeit auch einige dekorativen Ideen und Bastelanleitungen für Kinder entdecken. Auch wenn ich noch keine eigenen Kinder habe, kann ich doch viel aus meinem Alltag aus der Kita Zeit (bevor ich Lehrerin wurde, war ich 6 Jahre als Erzieherin tätig) berichten und viele Ideen von damals recyceln und zu neuem Leben verhelfen.</p>
<h3>ZU MEINER PERSON</h3>
<p><img loading="lazy" decoding="async" class="alignright size-medium wp-image-93" src="https://graumitweissensternchen.files.wordpress.com/2019/01/IMG_1201.jpeg?w=450" alt="IMG_1201" width="225" height="300" srcset="https://www.graumitweissensternchen.de/wp-content/uploads/2019/01/IMG_1201.jpeg 1024w, https://www.graumitweissensternchen.de/wp-content/uploads/2019/01/IMG_1201-225x300.jpeg 225w, https://www.graumitweissensternchen.de/wp-content/uploads/2019/01/IMG_1201-768x1024.jpeg 768w" sizes="auto, (max-width: 225px) 100vw, 225px" />Ich lebe zusammen mit meinem Lieblingsmenschen (meinem Mann) im schönen Karlsruhe. Hauptberuflich bin ich Lehrerin für die Fächer Sport, Hauswirtschaft (MuM, AES oder wie es euer Bundesland gerade aktuell nennt) sowie WBS (Wirtschaft, Berufs- und Studienorientierung).</p>
<p>Ein paar weitere Fakten zu mir, habe ich euch <a href="http://graumitweissensternchen.com/18-fakten/">hier</a> zusammengestellt.</p>
<h3>WARUM DIESER BLOG?</h3>
<p>Nachdem ich über einen längeren Zeitraum täglich viel Zeit in andere Blogs vertieft war und meine Festplatten mit kreativen Ideen anderer voll lief, meinte mein Mann, es sei an der Zeit, meine eigenen Ideen und Projekte anderen zur Verfügung zu stellen. Ursprünglich wollte ich lediglich meine Näh-Erklärvideos für meine Kollegen und Schüler auf YouTube bereitstellen. Einige der Videos haben jedoch eine sehr große und positive Resonanz erhalten. Angespornt davon ist nun dieser Blog entstanden.</p>
<h3>FÜR WEN IST DIESER BLOG?</h3>
<p><img loading="lazy" decoding="async" class="  wp-image-96 alignleft" src="https://graumitweissensternchen.files.wordpress.com/2019/01/IMG_7877.jpg" alt="IMG_7877" width="201" height="201" srcset="https://www.graumitweissensternchen.de/wp-content/uploads/2019/01/IMG_7877.jpg 1024w, https://www.graumitweissensternchen.de/wp-content/uploads/2019/01/IMG_7877-150x150.jpg 150w, https://www.graumitweissensternchen.de/wp-content/uploads/2019/01/IMG_7877-300x300.jpg 300w, https://www.graumitweissensternchen.de/wp-content/uploads/2019/01/IMG_7877-768x768.jpg 768w" sizes="auto, (max-width: 201px) 100vw, 201px" />Mein Blog ist für Kreative Schaffer, die gerne neue Ideen ausprobieren, umsetzten und sich inspirieren lassen wollen.<br />
Für SchülerInnen die einfache Nähprojekte ausprobieren möchten und auch für LehrerInnen, die meine Videos gerne im Unterricht einsetzten wollen und natürlich auch sehr gerne dürfen. Und selbstverständlich und vor allem, auch für all diejenigen – die wie ich – leidenschaftlich gerne Blogs lesen und Spaß am Leben haben.</p>
<h3>WARUM DER NAME?</h3>
<p><em><strong>graumitweissensternchen</strong></em> ist sozusagen mein Markenzeichen.</p>
<p><img loading="lazy" decoding="async" class="  wp-image-95 alignright" src="https://graumitweissensternchen.files.wordpress.com/2019/01/IMG_1525.jpeg" alt="IMG_1525" width="220" height="275" srcset="https://www.graumitweissensternchen.de/wp-content/uploads/2019/01/IMG_1525.jpeg 1024w, https://www.graumitweissensternchen.de/wp-content/uploads/2019/01/IMG_1525-240x300.jpeg 240w, https://www.graumitweissensternchen.de/wp-content/uploads/2019/01/IMG_1525-768x960.jpeg 768w, https://www.graumitweissensternchen.de/wp-content/uploads/2019/01/IMG_1525-819x1024.jpeg 819w" sizes="auto, (max-width: 220px) 100vw, 220px" />Wer mich kennt, weiß das Sterne für mich absolut faszinierend sind und in meinem bisherigen Leben schon viele Rollen gespielt haben. Auch in unserem zu Hause sind sie in Form von Kissenbezügen, Tassen oder Stoffen überall zu finden.</p>
<p>Aber warum die Kombination mit grau? Nicht nur wegen des Kontrastes liebe ich diese Farbkombination. Für mich steht grau auch für das Neutrale, eine nicht aufdringliche Farbe im Hintergrund, die sich ideal mit praktisch allen andere Farben kombinieren lässt.</p>
<blockquote>
<h4>Ich liebe&#8230;</h4>
<h4>&#8230; Sterne in vielerlei Form.<br />
&#8230; kreativ zu sein.<br />
&#8230; neue Ideen auszuprobieren.<br />
&#8230; skandinavisches Design.<br />
&#8230; alles rund ums Thema Wohnen.<br />
&#8230; ein schönes Zuhause und dieses zu dekorieren.<br />
&#8230; neue Inspirationen.<br />
&#8230; leckere, einfache und schnelle Rezepte.<br />
&#8230; kreativen, effizienten und schülernahen Unterricht.<br />
&#8230; Upcycling und die Magie aus alten Sachen etwas Neues zu zaubern.<br />
&#8230; andere an meinen Ideen teilhaben zu lassen.<br />
&#8230; und vieles mehr!</h4>
</blockquote>

<p>schön, dass ihr mich gefunden habt! Ich blogge hier über alles, was mir zu den Themen Deko, DIY, Upcycyling und Ernährung gefällt. Ich bin sehr „detailverliebt“, Perfektionistin in dem was ich anpacke und lebe nach dem Motto „Zu viel Deko? Gibt´s nicht!“ Gerne lasse ich euch teilhaben an meinen kreativen Ideen, Wohnimpressionen rund um das Thema Dekorieren, netten kleinen Bastel- und Geschenkideen, sowie Nähanleitungen mit Erklärvideos. Ich liebe es die kleinen, feinen Besonderheiten des Arrangements auf einem Foto festzuhalten und andere daran teilhaben zu lassen. Ihr werdet in der kommenden Zeit auch einige dekorativen Ideen und Bastelanleitungen für Kinder entdecken. Auch wenn ich noch keine eigenen Kinder habe, kann ich doch viel aus meinem Alltag aus der Kita Zeit (bevor ich Lehrerin wurde, war ich 6 Jahre als Erzieherin tätig) berichten und viele Ideen von damals recyceln und zu neuem Leben verhelfen. ZU MEINER PERSON Ich lebe zusammen mit meinem Lieblingsmenschen (meinem Mann) im schönen Karlsruhe. Hauptberuflich bin ich Lehrerin für die Fächer Sport, Hauswirtschaft (MuM, AES oder wie es euer Bundesland gerade aktuell nennt) sowie WBS (Wirtschaft, Berufs- und Studienorientierung). Ein paar weitere Fakten zu mir, habe ich euch hier zusammengestellt. WARUM DIESER BLOG? Nachdem ich über einen längeren [&hellip;]</p>
